-4 - -10).
-6
Evaluate 3 - (-1 - (-4 - (6 + -10))).
4
-3 + (-2 - 5) + 1 + 0
-9
What is 2 - (-4 + 16 + -5)?
-5
What is the value of -3 + 1 - (6 + -11 + 6)?
-3
What is -3 + (-3 - 1) + 4 + 0?
-3
What is the value of -1 + 2 + 1 + (-7 - -6)?
1
What is 15 - (9 - -2) - -5?
9
What is -1 + 0 + 11 + -6?
4
Evaluate -7 + (7 - 6) - -7.
1
What is 6 + (-1 + 3 - 4)?
4
Evaluate (4 - (-5 - -2)) + -2.
5
What is -318 + 317 + (0 - 0 - 4)?
-5
Evaluate 6 + -2 + -9 - -4.
-1
15 + -16 - (3 - 0)
-4
What is 0 + 1 + (85 - 93) - -17?
10
What is -5 - (0 + (2 - 4) + -5)?
2
7 + (-8 - (3 + -5))
1
-5 + (6 - 0 - (-31 + 30))
2
What is the value of 2 - (2 - 4) - 4?
0
What is -13 - ((-20 - -2) + 7)?
-2
What is -3 + -1 + -3 + 6 + -1?
-2
Calculate (-25 - -10) + 2 + 3.
-10
Evaluate (8 - 13 - -5) + (0 - 2).
-2
Evaluate -2 - (8 + -15 - (-1 + 1)).
5
What is 2 - (-1 + (-4 - -1 - -6))?
0
What is 6 + (7 - 1 - 10)?
2
Calculate 5 - 0 - (-1 + 2 + 2).
2
Calculate 3 + -3 + 1 - 0.
1
What is the value of (-1 - -11) + -3 + -1?
6
What is the value of (0 - 1) + 2 + 8 + -10?
-1
(6 - 2) + 8 + -16
-4
What is the value of -1 + 4 + -3 + 4?
4
Evaluate -1 + 6 + 3 - 3 - 3.
2
Evaluate 3 - ((1 - -1) + -1).
2
What is the value of -3 - (3 + (-2 - (2 + -1)))?
-3
Evaluate 0 + 6 - (2 + (7 - 8)).
5
What is the value of -8 + (1 - (0 + 2) - -5)?
-4
What is the value of -4 + -3 + 11 + -8?
-4
What is 0 + 2 + (2 - (-2 + 10))?
-4
What is 7 + -5 - (-1 + -2 - -4)?
1
Calculate 7 + -2 - 6 - (-7 + 0).
6
Evaluate -2 + 2 + 9 + -6.
3
Calculate -1 + 7 + (-4 - -3 - 2).
3
Calculate 5 - (-3 - -6) - (1 - -3).
-2
What is -11 + -2 + -5 + 17?
-1
What is the value of 1 + 1 + (-13 - -8)?
-3
Evaluate 0 + -1 - -1 - (-32 - -27).
5
7 + 2 - 3 - (6 + 0)
0
(-1 - -1 - 0) + 0 - 4
-4
What is the value of 3 - -2 - (-2 - -4)?
3
Evaluate -1 + -2 + -3 + (-3 - -11).
2
What is 2 + -1 - 1 - (11 - 9)?
-2
What is the value of 5 - (3 - (-4 - 0))?
-2
6 - ((-6 - -7) + 7)
-2
Evaluate -4 + 1 - (-4 + (5 - -1)).
-5
-1 - -2 - ((2 - -2) + 2)
-5
What is the value of 0 + -6 - (-18 + 27 + -10)?
-5
Calculate -7 - (-8 - (-6 - -3)).
-2
Evaluate 0 + -2 + -8 + 5.
-5
Calculate 0 - (0 - (-2 + 2)).
0
Evaluate -10 + -1 - (259 - 265).
-5
Evaluate 10 - (-11 + (10 - -8)).
3
Evaluate 17 + (-5 - 1) + -8.
3
What is 5 + 5 + -2 + 0?
8
What is the value of 5 - (6 + 3 + -5)?
1
0 - (-5 + 1 + 1 - 2)
5
What is the value of (16 - 19) + (-1 - -2)?
-2
Evaluate -13 - -1 - (37 + -44).
-5
Calculate 2 + (-1 - -1) - -2.
4
Calculate -2 + 4 - (-8 + 8 + -2).
4
What is -9 - -12 - (1 - (1 + 2))?
5
What is 10 + (19 - 31 - (1 - 7))?
4
Evaluate 0 + -5 - (-18 - (-12 + 2)).
3
What is the value of -1 + (-13 - -4) + 8?
-2
What is the value of 6 + 4 + 5 + -7 - 13?
-5
What is -1 + 1 - (-9 + 8) - -2?
3
Calculate -1 + -3 + (1 - -1).
-2
Evaluate 2 + (6 - 10 - -3).
1
Evaluate 5 - (-3 - -17) - -13.
4
What is the value of (12 + -6 - 2) + -7 - -1?
-2
18 + (-4 - (-6 - -12))
8
What is 2 - (4 + -3 - (2 - -1))?
4
(3 - 2) + (0 - 2)
-1
(1 - 0) + -2 + 1 + -2
-2
What is -17 + 10 - (-10 - -5 - 4)?
2
What is the value of (-6 - (-1 + -6)) + 4?
5
Evaluate -3 - 1 - ((-9 - -7) + 1).
-3
What is the value of 2 + 4 + -6 - 4?
-4
What is -13 - (8 - (11 + 4)) - 2?
-8
6 + 0 + -9 - -6
3
Calculate -1 - (-2 - (6 + -5) - -7).
-5
Evaluate -3 - (0 + 0 + 2).
-5
Evaluate (2 - 3) + 2 + -8 + 2.
-5
2 - (13 + -11 + 6) - 3
-9
What is 2 + (-2 + -1 - -6)?
5
What is the value of 4 + -10 + 6 + -1?
-1
What is -6 - (-8 - (8 + -14))?
-4
What is 6 + -10 + 14 - 5?
5
(-4 - -3) + 6 + -4 + 1
2
What is 2 + 4 + (28 - 32)?
2
2 + 0 + (5 - (7 - -3))
-3
-8 + 8 + 1 + -4 + 7
4
Evaluate 7 - 12 - -2 - (2 - 6).
1
Calculate (-2 - -7) + -3 + -1 + -2.
-1
What is the value of -3 - ((-12 - -6) + 5)?
-2
Calculate (7 - (-4 - -7)) + 1.
5
What is -1 + (4 - (16 + -13))?
0
What is the value of -7 + -3 - (-2 - 5)?
-3
Evaluate 7 + -1 - (96 - 96).
6
What is -4 - -1 - (-7 + 2)?
2
Evaluate 0 - (-1 + 0 - -2).
-1
Evaluate 22 - 3 - (32 - 23).
10
Evaluate (9 - 2) + -1 - 2.
4
-1 + 1 - (-63 - -58)
5
Calculate 4 + 2 - (39 - 27).
-6
Calculate (10 - 7 - (3 + 1)) + 6.
5
What is 2 + 1 - (11 - (-4 + 11))?
-1
-3 - (-3 - (7 + -7))
0
What is the value of 2 + (3 - (5 - 1)) - -2?
3
Evaluate -11 + -11 + 9 + 11.
-2
Evaluate (4 - 13) + (2 - 0) + 2.
-5
What is (-8 - (-16 - (0 - 3))) + -1?
4
1 - (7 - (-3 - -22) - -7)
6
What is the value of -8 + (5 - 3) + 1 + 1?
-4
(30 - 34) + (-2 - -5 - -1)
0
What is (-39 + 45 - (-7 - -1)) + -6?
6
Calculate 0 + (-4 - 5) - -5.
-4
What is the value of 1 + 3 + -25 + 21?
0
Calculate -3 - (-5 + 4 + 0).
-2
What is (-1 - -7) + -145 + 136?
-3
Evaluate (53 - 50) + (7 - (3 - 0)).
7
0 - (-2 + 6 + 1)
-5
What is the value of 0 - (-5 - -6 - -1)?
-2
Evaluate -1 - -1 - 0 - -1.
1
What is 3 - ((-4 - -5) + -3)?
5
(-17 - -12) + (2 - 0)
-3
Calculate 6 + (9 - 5) - 6.
4
What is the value of -1 - 6 - (3 + -17 - -11)?
-4
-13 + 8 + -2 + 2 + 1
-4
What is the value of 22 + -13 + -1 + 0 + -6?
2
Evaluate 3 + -6 + 5 - -1.
3
(-2 - -3) + 7 + -9 + 11
10
Calculate -42 + 42 + (7 - (-2 - -1)).
8
(12 - (5 + -1 + 0)) + -3
5
4 + -5 + (4 - 11)
-8
What is the value of -2 + -4 + 5 + 3 + 2?
4
What is (1 - -3 - (9 - 4)) + 2?
1
Calculate -2 - (-3 + (-5 + 7 - -4)).
-5
What is 5 + 0 - (12 + (-21 - -14))?
0
What is (3 - 11 - -1) + 11?
4
What is -1 - (-8 + 5) - 2?
0
Evaluate 5 + -3 - (6 + 3).
-7
What is the value of 6 - (9 - (-4 - -12))?
5
What is 95 - 101 - (-3 - -1)?
-4
What is the value of 31 + -17 + (-10 - -1)?
5
What is (0 + 0 - (-1 - -3)) + -3?
-5
What is the value of (0 + 1 - (9 - 11)) + -8?
-5
What is -10 + 2 + 6 - 6?
-8
-6 - (1 + -12 + (-5 - -2))
8
What is 2 - 3 - (-5 - -6) - -1?
-1
What is 1 + (2 - -1) - 7?
-3
Calculate (-5 - (12 - 12)) + 6.
1
Evaluate (1 - (-1 - 0)) + -10 + 11.
3
Calculate (2 - ((-4 - -1) + 5)) + -3.
-3
What is the value of 6 - (0 + (-4 - -3) + 6)?
1
(-2 - -2) + (4 + -6 - -6)
4
Calculate 3 + (-17 + 11 - -11).
8
What is 4 - ((-1 - 1) + -3 + 3)?
6
Evaluate -8 + (5 + -9 - -12) + -8.
-8
8 - 2 - (-1 + 5)
2
2 + (-2 - (2 - 1))
-1
What is the value of (-4 - (4 - 7)) + (-2 - 2)?
-5
Calculate -4 + (-2 - (3 - 13 - -7)).
-3
Evaluate 2 + -2 + 1 + 1 - -3.
5
Calculate -18 + 20 - (-1 + 2).
1
Calculate 3 + (3 - 4) + -6 + 2.
-2
What is the value of -4 - (3 - (2 - 0))?
-5
What is 0 - (-2 + 1) - (89 + -86)?
-2
Evaluate 10 + -5 + -9 - (-1 - 3).
0
Calculate -5 + (3 - (-2 + -5)).
5
Evaluate 16 + (-11 - -7) - 8.
4
Evaluate 0 - (3 + -2 + -3 + 0).
2
4 + (2 - 7) + 1 - -5
5
Evaluate -12 - (1 - 13 - -3).
-3
Evaluate -3 - (-4 + (-4 - (6 + -14))).
-3
Evaluate -188 + 189 + 2 + -2 + 6.
7
Evaluate -8 - (5 + -9) - -9.
5
Evaluate (4 - (5 - 4)) + 2 + -6.
-1
What is the value of 2 + -2 + -3 + (5 - 1)?
1
What is the value of -8 - (2 + -10 + 5)?
-5
What is the value of 25 + -24 - (-1 + 5)?
-3
Calculate 0 - (2 + (5 + -3 - 3)).
-1
Calculate (12 - 12 - -11) + -12.
-1
What is the value of -7 + (-3 + -3 - -11)?
-2
Calculate -3 + (3 - -2) - (0 + 2).
0
What is the value of 2 - (-6 + 2 - -11)?
-5
What is the value of 5 + -22 + 5 + 9?
-3
What is -1 - (-4 - (8 + -10))?
1
What is (-5 + 0 - -3) + (2 - 5)?
-5
What is the value of 1 + (5 - 9) + 7 - 5?
-1
What is 2 + -4 - (2 - 4)?
0
What is the value of 67 + -77 - (-1 + 0 - 4)?
-5
Calculate (1 - (3 - 1)) + (-6 - -8).
1
-4 + (-3 - 1 - -12)
4
54 - 57 - (-1 - 3)
1
What is the value of -2 - -2 - (-31 - -23)?
8
What is the value of 0 - (-11 - -6) - 8?
-3
-8 + (-3 - -8) + 6
3
What is the value of 2 + 0 - (7 + -17 + 7)?
5
Calculate -1 - (4 + -8 + 2) - 2.
-1
What is 7 - (3 - (2 + -3))?
3
Calculate (-5 - 0) + 1 + 3 + -4.
-5
Evaluate 0 - (5 - 5) - 4.
-4
What is the value of (-5 - (2 + -6)) + 4?
3
What is the value of -1 - (1 + (-5 - -13) + -5)?
-5
Calculate -5 + (1 + (5 - 0) - -2).
3
Calculate (3 + -1 - 5) + (23 - 16).
4
Calculate 1 + -4 + (-5 - -2 - -4).
-2
What is the value of 3 + -3 + (5 - 3)?
2
What is (-6 - (2 + -7)) + 3?
2
Evaluate 0 - 13 - -3 - 1.
-11
What is the value of (3 - -1) + (2 - 5)?
1
What is the value of 0 - (-2 + 3 - (10 - 9))?
0
-5 + (-6 - -4 - (-2 + -2))
-3
What is the value of 2 - -2 - (2 + 2 - 1)?
1
Evaluate -10 + 5 + 4 + -4.
-5
(-19 + 22 - (2 + 5)) + -5
-9
What is the value of (1 + 2 - -2) + 16 + -20?
1
(-3 - 3) + 4 + 2
0
What is 1 + (-2 - (-1 - 1))?
1
(-6 - (2 + -16)) + -6
2
2 - (30 + -34 - (-2 - 2))
2
Evaluate 1 - ((-1 - (-3 - 0)) + -4).
3
What is the value of -24 - -10 - (-6 - 1)?
-7
